13. Suppose 7*m - c - 156 = 0. Is m a multiple of 16?
True
Let n be (-3)/12 + (-65)/(-20). Is (n/6)/(103/34 + -3) a multiple of 10?
False
Is 8 a factor of (-210)/(-6)*-2*111/(-3)?
False
Let z(x) = 2*x**2 - 3*x. Let p be (-2)/4*(-6 + 2). Let g be z(p). Suppose -3*b + 23 = q, -4*q = q - g*b - 200. Is 10 a factor of q?
False
Let d be (27 - 0)*((-416)/(-6) + -1). Is d/36 - (39/12 - 3) a multiple of 17?
True
Let m(k) = -k**2 + 13*k - 22. Let f be m(2). Let x(q) = -q + 1 + 8 - 1. Is 6 a factor of x(f)?
False
Suppose 16*i - 7*i = 5067. Is 12 a factor of i?
False
Suppose 0 = 4*b - y - 37, -7 - 8 = -3*b + 5*y. Is b/45 - (-966)/27 a multiple of 9?
True
Suppose -4*i + 36 = -268. Is 6555/i + (-1)/4 a multiple of 16?
False
Let r be (-1 - -2) + (0 + -1 - -195). Suppose 4*z + 2*v + 2*v - 188 = 0, -3*v - r = -5*z. Is 42 a factor of z?
True
Let r = -106 - -163. Does 3 divide r?
True
Suppose 3*p = 4*x + x - 69, -5*p + x = 115. Let o = -12 - p. Suppose 7*h = 8*h - o. Is h a multiple of 4?
False
Suppose -3*p + x = 66, p - 18 + 56 = -5*x. Let s = p - -15. Let f = 10 - s. Is 9 a factor of f?
True
Is (-10 + -117)/(2/(-10)) a multiple of 12?
False
Suppose 0 = -50*k + 47*k + 18. Is (-8)/k - -2 - 664/(-12) a multiple of 14?
True
Is 35 a factor of (66/4 + 1)/(2/4)?
True
Suppose 4*i - 62 = 50. Let c(v) = -v**2 + 3*v. Let y be c(3). Suppose -4*f = -2*q - 40, -5*f = -y*f + 3*q - i. Is 8 a factor of f?
True
Let q = 762 - 321. Does 21 divide q?
True
Is 637/3 - (-12)/18 a multiple of 12?
False
Let x(a) = -3*a**3 + a - 2. Let u be x(1). Let w(p) = 2*p**2 + 4*p - 1. Is w(u) a multiple of 5?
True
Let b(c) = c**3 - 12*c**2 + 8*c - 6. Is b(13) a multiple of 59?
False
Let f(r) = r**2 - 25*r - 28. Let g be f(26). Does 5 divide 274*6/20 - g/(-10)?
False
Let q = 22 - -3. Suppose h - q = 2*w - 4, 4*w = 0. Let k = 29 - h. Is 2 a factor of k?
True
Let n(w) = 2*w - 6. Let i be n(5). Suppose 17 = i*k - 6*k - 3*h, 12 = -4*h. Let j = 18 - k. Is j a multiple of 4?
False
Suppose -1922 + 20542 = 20*j. Does 59 divide j?
False
Let k = 283 - 93. Is k a multiple of 95?
True
Suppose -j - 2*g + 116 = 3*j, -j = -2*g - 24. Let v = j - -34. Is 31 a factor of v?
True
Let l be 2*(-3)/(-2) - 4/(-4). Suppose -5*t + 2*n = -52, 5*n - 97 = -l*t - 29. Does 3 divide t?
True
Let p = 80 - 48. Suppose i - p + 4 = 0. Is i a multiple of 8?
False
Let n be 6 + -3 + (-5 - -5). Suppose -5 = -n*z + 1. Suppose 5*w + 2*u = z*w + 94, 0 = -4*w + 3*u + 97. Is w a multiple of 12?
False
Suppose 73*d = 29*d + 71236. Does 33 divide d?
False
Let w(d) = 48*d**2 - 3*d + 2. Let i(k) = k**3 + 3*k**2 - 6*k - 6. Let l be i(-4). Let f be w(l). Suppose -3*t + 4*o - 17 = -f, -4*o = -t + 57. Does 19 divide t?
True
Let t(w) = -w**3 + 8*w**2 - 5*w - 2. Let b be t(6). Let l(x) = -x**2 + 6*x + 1. Let c be l(3). Let q = b - c. Does 15 divide q?
True
Let b(x) = 12*x + 50. Let r(v) = 24*v + 101. Let c(p) = -5*b(p) + 2*r(p). Does 3 divide c(-9)?
True
Let w(c) = 9*c - 61. Is 14 a factor of w(36)?
False
Suppose 0 = 5*y + 4*p - 19, 20 = 5*y - 2*p + 7*p. Suppose 3*s + 54 = -3*h, -5*h = y*s + 43 + 43. Does 4 divide (-5)/(-3 + h/(-6))?
False
Suppose 10*b - 384 = 6*b. Let x = b + -62. Does 10 divide ((-72)/2)/((-51)/x)?
False
Let n(o) = -359*o - 2. Is 42 a factor of n(-1)?
False
Suppose -l - 8 = 4*m - 26, -2*l - 4 = -2*m. Suppose -2*y + l = -3*p, -4*y - y + 22 = p. Suppose 4*c = -4*h + 124, 21 = y*h - 3*c - 75. Is h a multiple of 9?
True
Is (-21)/(-2)*(-1716)/(-231) a multiple of 5?
False
Let o = -562 - -1242. Does 68 divide o?
True
Does 28 divide (2 - 296)/(15/(-10)*1)?
True
Let q(g) = -108*g + 26. Is q(-3) a multiple of 7?
True
Does 7 divide ((-312)/(-10))/((-16)/(-280))?
True
Suppose -3*c - 12 = -6*c. Let l = 17 - 12. Suppose 0 = l*y + c*n - 37, -n = 2*n - 9. Is y even?
False
Suppose -2*u + 1637 = 5*j, 0*j - 3249 = -4*u - 5*j. Is u a multiple of 13?
True
Let c(f) = 5*f**3 + 2*f**2 + 20*f - 77. Is c(8) a multiple of 9?
False
Let q(s) = -4*s. Let a(u) = u. Let m(z) = 3*a(z) + q(z). Let w be m(-4). Is w - (-9)/(36/200) a multiple of 18?
True
Let b be 2 + (-3 - -2) + 0. Is 15 a factor of (-3)/b*(3 + -18)?
True
Let k(g) = -g + 1. Let u(a) = a**3 - 3*a + 8. Let l(t) = 6*k(t) - u(t). Let p be l(-3). Suppose -2*j + q + 25 = 2*q, -3*j = 5*q - p. Is 13 a factor of j?
True
Suppose 2*v - 3*x = -v + 6, 3*v + 5*x + 18 = 0. Let s be v/((-1)/(1 - -4)). Suppose 16 = 2*a + s*m - 104, 5*a + 4*m - 334 = 0. Is a a multiple of 14?
True
Let d(w) = w**2 - 10*w - 9. Let a be d(12). Let m = a - 23. Is 13 a factor of 67 + m + (4 - 0)?
False
Suppose 4*m - 5 = -25. Let f be ((-64)/10)/(1/m). Let k = -12 + f. Is 10 a factor of k?
True
Suppose 9*d - 4*d - 148 = -r, -3*r + 408 = -3*d. Is r a multiple of 12?
False
Suppose -4*v + 20 - 108 = -a, 0 = -5*a - 2*v + 352. Suppose 5*c + 5*j = 180, 0*c - 2*c + 3*j + a = 0. Is 20 a factor of c?
False
Let r = 2242 - -2197. Does 23 divide r?
True
Suppose -320*r - 10564 = -4*p - 319*r, -4*p = 5*r - 10540. Does 12 divide p?
True
Suppose -11655 = -19*f - 44*f. Is f a multiple of 5?
True
Let u = 157 + 9. Let z = u + -72. Is 33 a factor of z?
False
Let b be -7 + (-6028)/(-16) - 2/(-8). Is (42/105)/(1/b) a multiple of 22?
False
Let z = -27 + 31. Suppose -z*u + 1 + 39 = -4*v, -52 = -5*u + 4*v. Is 4 a factor of u?
True
Let j(q) = -q**3 - 4*q**2 + 4. Let f be j(-4). Suppose s + f*s - 210 = 0. Does 14 divide s?
True
Let f(r) = 10*r + 340. Is f(8) a multiple of 2?
True
Is (-25)/2*(-32)/40 a multiple of 10?
True
Suppose -5*d - 2392 - 20108 = 0. Is 11 a factor of d/(-48) + (-2)/(-8)?
False
Let m(c) = -2*c**3 - 10*c**2 - 9*c - 11. Is m(-6) a multiple of 14?
False
Let f(v) = -2*v + 87*v**2 - 40*v**2 - 7 - 35*v**2 + 4*v. Is 27 a factor of f(-5)?
False
Let m(h) be the first derivative of -h**4/4 - 4*h**3/3 - 3*h**2/2 - h - 1. Let w be 75/(-15)*(1 - 0). Is 13 a factor of m(w)?
True
Let b = -28 - -44. Suppose b - 4 = -3*z, 0 = 2*r + 5*z + 12. Suppose y + 1 = 3*o, 5*y + r*o - o - 49 = 0. Does 4 divide y?
True
Let a(k) = k**3 - 7*k**2 - 12*k - 49. Does 17 divide a(12)?
True
Let y(r) = 9*r**3 + 3*r**2 - 3*r + 3. Suppose 0 = -i - 3*v - 2 + 4, -3*v = -4*i + 8. Is 9 a factor of y(i)?
True
Let x(a) = 3*a**3 - a**2 - 325. Let q(k) = k**3 - k**2. Let u(o) = q(o) - x(o). Is 40 a factor of u(0)?
False
Suppose -7*q + 12*q = 1355. Is 18 a factor of q?
False
Suppose u + 3*z - 11 = 0, 3*u = z - 4*z + 57. Suppose -3*a + u + 7 = 0. Let v = a - 5. Is v a multiple of 5?
True
Let y(s) = 49*s**3 - 5*s**2 - 4*s + 5. Is 67 a factor of y(3)?
False
Let x(a) = -6*a**3 + 6*a - 2. Is x(-5) a multiple of 23?
False
Suppose 32 = -2*b + 2*l - 4*l, b = l - 10. Let a(y) = y - 19. Let i be a(0). Let j = b - i. Does 5 divide j?
False
Suppose -23*o + 6187 = -0*o. Does 6 divide o?
False
Let f = 8 + -3. Suppose -f = 4*s - u - 26, 0 = 5*s + 2*u - 36. Suppose y - s*y = -160. Is y a multiple of 9?
False
Let d(k) = -3*k**2 + 33*k - 2. Let p(m) = m**3 + 6*m**2 + 8*m + 6. Let g be p(-4). Is 22 a factor of d(g)?
True
Suppose q + 4*c - 1 = 0, 3*q = 5*c - 2*c + 18. Suppose -q*n = 3167 + 578. Does 24 divide n/(-9) - 12/54?
False
Suppose 111*t = 151*t - 24520. Is t a multiple of 5?
False
Let q(c) be the second derivative of c**5/120 + 3*c**4/8 + 5*c**3/3 - 2*c. Let x(y) be the second derivative of q(y). Is x(-6) a multiple of 2?
False
Suppose 7*x - 6*x = 4. Suppose 0 = 2*j + j + 5*p - 325, -5*p = -x*j + 375. Is 15 a factor of j?
False
Suppose 2*p = -138 + 14. Let n = p + 110. Does 12 divide n?
True
Let a(o) = -o + 9*o**2 + 6*o**2 + 261 - 260. Suppose 0 = 3*x - 1 - 2. Does 15 divide a(x)?
True
Let k(u) = 6*u**2 + u**2 + 2*u**2 - 8*u**2 - 16. Let o be k(-8). Suppose -4 = 2*f - o. Is 22 a factor of f?
True
Let l = -1026 + 1439. Is 9 a factor of l?
False
Suppose -7*t + 0 + 35 = 0. Suppose 3*w - w + 304 = 3*a, -a = t*w - 107. Does 17 divide a?
True
Let h = 3874 + -2290. Does 49 divide h?
False
Suppose 3*a = -167 + 2237. Suppose -7*u + 2*u + a = 0. Is 27 a factor of u?
False
Let j(y) be the third derivative of y**5/60 + y**4/2 - 13*y**3/3 - 10*y**2 + 3. Is 11 a factor of j(-18)?
False
Let l = -34 + 70. Let i = l + -28. Is 8 a factor of i?
True
Let l(m) be the third derivative of m**7/1260 + m**6/360 - m**5/60 + m**4/24 + 4*m**2. Let d(r) be the second derivative of l(r). Is d(4) a multiple of 11?
False
Let l(f) = 68